et h(o) = o**3 + 9*o**2 - 8*o + 8. Determine h(b).
80
Let x(d) = 2*d**2 - 7*d + 1. Let s = -2438 - -2442. Determine x(s).
5
Let o(v) = -v**2 - v - 18. Let j(f) = -6*f**2 - 14*f - 83. Let z(u) = -j(u) + 5*o(u). Determine z(-5).
-27
Let m(s) = 32*s - 17*s - 16*s - 2. Suppose -12*y + 14*y = 4. Determine m(y).
-4
Let c(s) be the first derivative of -134 + 6*s - 2/3*s**3 + 5/2*s**2. Determine c(5).
-19
Let s(k) be the third derivative of k**6/120 + 13*k**5/60 + 9*k**4/8 - 25*k**3/6 - 2549*k**2. Determine s(-10).
5
Let z(o) = 1. Let p(h) = -h - 3. Let d(w) = p(w) + 4*z(w). Suppose 3*j = -20 + 5, -2*j + 119 = f. Let v = f - 134. Give d(v).
6
Suppose 22 = 5*w - 2*k, w - 5*w = 3*k - 36. Let t(o) = -5*o. Determine t(w).
-30
Let l(j) be the first derivative of -j**4/2 - 29*j**3/3 - 13*j**2/2 + 21*j + 101. Determine l(-14).
7
Suppose -2*j = -2*l + 14, 0*l - 2*l - 1 = -5*j. Let r(y) = 359*y - 183*y + y**2 - 188*y - l - 10*y**2 - y**3. What is r(-8)?
20
Let l(p) = -525*p - p**2 - 508*p + 11 + 21 + 1019*p. Determine l(-16).
0
Let m(j) = -281*j - 2517. Let c be m(-9). Let f(s) = -s**2 + 15*s - 27. Calculate f(c).
9
Let m(i) = -5*i + 4. Let n(r) be the second derivative of -r**3/6 + r**2/2 - 98*r. Let u(k) = 2*m(k) - 11*n(k). Give u(-4).
-7
Suppose 0 = 5*l - t + 99, -l - 11 = -3*t + 5*t. Let n be (-20)/(-50) - 62/5. Let j = l - n. Let r(o) = -o**3 - 8*o**2 - 8*o + 1. Determine r(j).
8
Let z(x) = -2*x**2 - 23*x - 50. Let y be z(-8). Let p(h) = -5731*h - y*h**2 + 2 + h**3 + 0*h**2 + 5738*h. Give p(4).
-2
Suppose 0 = 25*x + 20*x - 90. Let l(r) = -x*r + 13717 - 13717 - 2*r. Determine l(-4).
16
Let d(l) = 43*l + l**3 + 4 - 5 - 43*l. Let a(x) = 7*x**3 + x**2 - 2*x - 3. Let g(z) = a(z) - 4*d(z). Determine g(-2).
-15
Suppose -53 - 247 = -50*y. Let l(s) = 5*s**2 - 28*s - 1. Determine l(y).
11
Let o(s) = 7*s**3 - 8*s**3 + s**2 - 10 - 14*s - 15*s**2. Let y = 6345 - 6358. Determine o(y).
3
Let j(u) = -u**2 + 2*u + 2. Let t(b) = -11*b**2 + b. Let s be t(-1). Let r be s/42 + 2*158/28. Let o = r + -8. Give j(o).
-1
Let u = -22935 + 22937. Let x(k) = 3*k + 12. What is x(u)?
18
Let r = 10724 + -10714. Let s(b) = b**3 - 12*b**2 + 15*b + 23. Give s(r).
-27
Let b(a) = a**3 - 3*a**3 - 909650*a + 909611*a + 75*a**2 + 54. Determine b(37).
-20
Let a be 4/(-32) - (-195)/(-40). Suppose 3*c = -d + 5, c + 3*d - 2 = -3. Let f(m) = 7*m + 4*m - 4*m**c - 4 - m**3 - 3*m - 2*m. Calculate f(a).
-9
Let f = 173 - 165. Let o(g) = f*g**3 - g**3 - 6*g**3 + 12*g**2 - 2 - 15*g**2. Give o(3).
-2
Let v(o) = -2*o + 9. Suppose -2*z + 5*z = -4*k + 14, 0 = k - z. Suppose 4*f - 28 = k*p - 4*p, 0 = 4*p - 8. Let i = 12 - f. Give v(i).
-3
Let u(w) = w**2 - 2*w + 22. Let n be u(8). Let d(f) = -n*f - 48 + 151*f - 78*f. Let l be d(18). Let v(p) = -p**2 + 5*p + 6. Calculate v(l).
0
Let c(m) = -2*m - m - 3*m - 3*m**2 + 4*m**3 + 3*m + 0*m + 1. Give c(-1).
-3
Suppose -2*r - 2*h - 2 = -26, 0 = -2*r + 3*h + 19. Suppose -3*t = 4*q - 22, -5*q + 3 = -3*t - r. Let m(b) = -14 + 12 + 3*b**2 - 6*b - t*b**2. Determine m(5).
-7
Let y = -78 - -79. Suppose -5*f = 2*v - 4, -3 = 4*v + 4*f + y. Let n(m) = -2*m - 2. Let p(b) = -2*b - 2. Let u(s) = 4*n(s) - 3*p(s). Give u(v).
4
Let j(y) be the first derivative of -y**4/4 + 2*y**3 - 5*y**2/2 - 6*y - 2. Let z(m) = -13*m - 128. Let x be z(-16). Suppose 3*n - x = -65. Calculate j(n).
-6
Let a(q) = 58 + 13*q**2 + q**3 - 3*q**3 + 4*q - 135 + q**3 + 21. Determine a(13).
-4
Let f be 30*(-3)/(-60) - 1/2. Let a(w) = 5*w**2 + 4*w - 4. What is a(f)?
5
Let i = 22 + -18. Let h(k) = k**2 - 4 - i*k + 0 + 16*k + 19. Let w = 643 + -653. Calculate h(w).
-5
Let o(w) = 29*w + 2. Suppose -1507*y = -1497*y - 12 - 18. Give o(y).
89
Let h(z) = -z**2 - z - 1. Suppose 2*r + 22 = 76. Suppose -f + 4*f = r. Let s be (-6)/f - (-3)/(-9). What is h(s)?
-1
Suppose -46*z + 136 = 504. Let v(k) = -k**2 - 7*k - 8. Determine v(z).
-16
Let u(w) = -792*w**2 - 22*w - 5. Let b(l) = -132*l**2 - 4*l - 1. Let p(j) = -17*b(j) + 3*u(j). Give p(-1).
-132
Let a(o) = -5*o + 3. Suppose -169 = 4*h + 9*h. Let c(u) = 11*u - 6. Let d(i) = h*a(i) - 6*c(i). Calculate d(-3).
0
Let x(i) = 32*i - 6. Let z = -4468 + 4471. Determine x(z).
90
Let b(n) be the first derivative of -n**4/4 - 2*n**3 + 5*n**2/2 - 9*n + 8. Let v be -7 - -13 - 12 - (2 - 1). Determine b(v).
5
Let v(p) = -6*p - 40. Let i = 51 - 59. Let j be v(i). Let k = 7 - j. Let q(b) = -17*b**3 + b. Calculate q(k).
16
Let q(i) = -i**2 - 3*i - 8. Let m(f) be the second derivative of f**2/2 + f + 18. Let l(y) = -6*m(y) - q(y). Calculate l(-3).
2
Let b(x) = -2*x - 80. Let s be (-16)/(-96) + (-633)/(-36)*-2. What is b(s)?
-10
Let l be (-290)/(-40) - 75/(-100). Let k be 2 - 3*(3 - 4). Let y(a) = 2*a**2 - 8*a + 0*a**2 + k*a**2 - 1 + 2*a**2 - a**3. What is y(l)?
-1
Suppose -u - o + 16 = -3*o, -5*o = -u + 28. Suppose -4*f + 4*m - 16 = f, f = -2*m + u. Let t(q) = f*q**2 - 349 + 350 + 7*q**2 + 2*q**2. Calculate t(-1).
10
Suppose -m = 2, 20 = -2*s + m - 6*m. Suppose v + 5 = 4*i - 6, v - 3*i = -8. Let o(a) = v + 1 + 4 + a - 2. Determine o(s).
-1
Let d be (12 + -4 - -1) + -4. Suppose 2*l + h = -1, 0*l - 13 = l + 3*h. Let w(a) = -8*a**l - 5*a + 3 + 4*a**2 + 2*a**3 - a**3 + 0*a**2. Determine w(d).
3
Suppose 261*z - 101 = -1667. Let f(y) = -2*y + 42. Calculate f(z).
54
Let o(s) = 2*s**2 + 12*s - 104. Let t be o(-12). Let m(u) = 12*u + 19*u - t*u. What is m(-1)?
9
Let u(x) = -15*x + 118*x**2 - 62*x**2 - 70*x**2 - x**3 - 15. What is u(-13)?
11
Let w(r) = 8*r - 8*r - 5*r + 2 + 0*r. Let v(k) = 4*k - 3. Let n(u) = 4*v(u) + 3*w(u). Determine n(8).
2
Let k(i) be the first derivative of -i**3/3 - 17*i**2 - 192*i + 2777. Determine k(-27).
-3
Suppose 3*a = -5*p - 60, -85*p - 4*a = -88*p - 36. Let c(v) = -v**2 - 8*v + 21. Calculate c(p).
-27
Let s = -70 - -67. Let r be 11 + (3 - (10 + s)). Let a(q) = q - 4 - 2 - 12 + 8. Give a(r).
-3
Let f be (-909)/(-45)*5 - -1. Suppose m = -f + 112. Let i(u) = u**3 - 10*u**2 - 5. What is i(m)?
-5
Let q(c) = 2*c**3 - 6*c**2 + 10*c - 7. Let r(o) = o**3 + o**2 - 1. Let k(l) = q(l) - 3*r(l). Suppose 15*h - 15951 = -16101. Calculate k(h).
-4
Let z(i) be the second derivative of -i**5/20 - i**4/2 - i**3 - 3*i**2 - 109*i. Suppose 12 = 2*y + 4*p, -5*y + 4*p - 22 = 18. Calculate z(y).
-14
Let l = 4345 - 2924. Let r(f) = 710*f - l*f + 709*f. Determine r(3).
-6
Let v = -264609 - -264615. Let b(x) be the first derivative of -x**3/3 + 3*x**2/2 + 6*x + 2. Calculate b(v).
-12
Let u(j) = -100*j + 328*j + j**3 - 78*j - 74*j - 75*j + 11. Suppose -5*y - 14 = -2*d - 4, 3*d - 2*y - 4 = 0. Determine u(d).
11
Let t(y) = 9 - 3*y**2 - 5*y**2 + 4*y**2 - 4*y**2 - 3*y. Let s(d) = -15*d**2 - 6*d + 17. Let j(o) = 6*s(o) - 11*t(o). Calculate j(2).
-11
Let f(s) = -4*s + 60. Let q be f(-4). Let c(t) = 4 - q*t - 6 + 75*t. Determine c(-2).
0
Suppose 6*m + 98 = 116. Let y(c) = 2*c**3 - 11 - 10*c**2 + 0*c**3 - 3*c**m + 35*c - 37*c. What is y(-10)?
9
Let n(h) be the second derivative of -h**3 - 26*h**2 - 4126*h. What is n(-17)?
50
Let s(b) be the third derivative of b**6/360 - 3*b**5/40 + b**4/6 - 13*b**3/3 + 2*b**2 + 13. Let z(q) be the first derivative of s(q). What is z(4)?
-16
Let n(s) = -6*s + 688 - 923 + 4*s - 9*s. Calculate n(-22).
7
Let w(m) = -43*m**2 - 33*m - 11. Let r(p) = 36*p**2 + 31*p + 10. Let f(d) = -6*r(d) - 5*w(d). Calculate f(-21).
-5
Let n be 265/106*(-2 + 4) + 0. Let f(j) = 13*j - 16. What is f(n)?
49
Let i(w) = 12*w + 39. Let p(q) = -q - 3. Let t(c) = -4*i(c) - 54*p(c). Let m(j) = -3*j - 1. Let b(u) = m(u) + t(u). Determine b(7).
26
Let l(k) = 0*k**2 - 4*k + 4 + 0 - k**2 + k**3 + 0*k**2. Suppose -3*f = -t - 22, -16 = -f - 0*f - 4*t. Let u be f/6 - 5/(-3). Calculate l(u).
10
Suppose 256 = j + 249, -5*x = -2*j + 44. Let n(d) = 4*d**2 + 14*d - 21. Calculate n(x).
39
Let u(k) = -47*k - 52262 - 52265 + 104530. What is u(2)?
-91
Suppose -62*z - 47*z + 1112 = -248*z. Let y(l) = -l**3 - 5*l**2 + 8*l - 8. Give y(z).
120
Let x(g) = 4*g + 61. Let w be x(-6). Suppose -w*r - 13*r = 50. Let p(l) = -14*l**3 + l + 1. Give p(r).
14
Suppose -3*v + 2*g = 69, -5*v + 17*g = 22*g + 115. Let d(o) = -2*o - 55. Give d(v).
-9
Let r = 276 - 272. Let i(a) = 3 + a - 16 - r + 4. Determine i(6).
-7
Suppose 4*v = a + 53, 5*v + 3*a - 22 = 40. Let o(t) be the second derivative of t**3/6 - 7*t**2 + 362*t. Let z be o(v). Let 